{"id":161,"date":"2020-01-12T16:03:13","date_gmt":"2020-01-12T15:03:13","guid":{"rendered":"https:\/\/medicare321.de\/?page_id=161"},"modified":"2022-04-14T15:07:37","modified_gmt":"2022-04-14T13:07:37","slug":"leistungen","status":"publish","type":"page","link":"https:\/\/medicare321.de\/index.php\/leistungen\/","title":{"rendered":"Leistungen"},"content":{"rendered":"\n<p>\r<br>\r<br>\r<br><span class=\"single_icon  themecolor\"><i style=\"font-size:25px;line-height:25px;\" class=\"\"><\/i><\/span>\n\r<br>\r<br><div class=\"mfn_heading  align_left\"><h2 class=\"title\" >Pflege<\/h2><\/div>\n\r<br>\r<br><div class=\"google_font\" style=\"font-family:'',Arial,Tahoma,sans-serif;font-size:25px;line-height:25px;font-weight:400;letter-spacing:0px;\">Qualifizierte Grund &amp; Behandlungspflege, Palliativbetreuung<\/div>\n<br>icon<br>bounceIn<br><br><img decoding=\"async\" src=\"https:\/\/medicare321.de\/wp-content\/uploads\/2020\/01\/K1600_MediCare_Imagefilm_Standbild_08.jpg\" alt=\"K1600_MediCare_Imagefilm_Standbild_08\" \/><br>medium<br>center<br>10<br>10<br>https:\/\/medicare321.de\/wp-content\/uploads\/2020\/01\/K1600_MediCare_Imagefilm_Standbild_08.jpg<br>bounceInRight<br><br><img decoding=\"async\" src=\"https:\/\/medicare321.de\/wp-content\/uploads\/2020\/01\/K1600_MediCare_Imagefilm_Standbild_16.jpg\" alt=\"K1600_MediCare_Imagefilm_Standbild_16\" \/><br>medium<br>center<br>10<br>10<br>https:\/\/medicare321.de\/wp-content\/uploads\/2020\/01\/K1600_MediCare_Imagefilm_Standbild_16.jpg<br>bounceInRight<br><br>\r<br>\r<br>\r<br><span class=\"single_icon  themecolor\"><i style=\"font-size:25px;line-height:25px;\" class=\"\"><\/i><\/span>\n\r<br>\r<br><div class=\"mfn_heading  align_left\"><h2 class=\"title\" >Betreuung<\/h2><\/div>\n\r<br>\r<br><div class=\"google_font\" style=\"font-family:'',Arial,Tahoma,sans-serif;font-size:25px;line-height:25px;font-weight:400;letter-spacing:0px;\">&#8211; Individuelle Entlastung &#8211; Liebevolle F\u00fcrsorge &#8211; Hilfe im Haushalt<\/div>\n<br>icon<br>bounceIn<br><br>\r<br>\r<br>\r<br><span class=\"single_icon  themecolor\"><i style=\"font-size:25px;line-height:25px;\" class=\"\"><\/i><\/span>\n\r<br>\r<br><div class=\"mfn_heading  align_left\"><h2 class=\"title\" >Beratung<\/h2><\/div>\n\r<br>\r<br><div class=\"google_font\" style=\"font-family:'',Arial,Tahoma,sans-serif;font-size:25px;line-height:25px;font-weight:400;letter-spacing:0px;\">&#8211; Individuelle Information &#8211; Beratungsgespr\u00e4che nach \u00a7 37.3 SGB XI<\/div>\n<br>icon<br>bounceIn<br><br><img decoding=\"async\" src=\"https:\/\/medicare321.de\/wp-content\/uploads\/2020\/01\/K1600_MediCare_Imagefilm_Standbild_19.jpg\" alt=\"K1600_MediCare_Imagefilm_Standbild_19\" \/><br>medium<br>center<br>10<br>10<br>https:\/\/medicare321.de\/wp-content\/uploads\/2020\/01\/K1600_MediCare_Imagefilm_Standbild_19.jpg<br>bounceInRight<br><br>Dar\u00fcberhinaus bieten wir Ihnen:<br>icon<br>icon-users<br><br>icon-statusnet<br>Enge Zusammenarbeit mit dem Pflegest\u00fctzpunkt<br>bounceIn<br><br>icon-megaphone<br>Vermittlung v. Notrufsystemen<br>bounceIn<br><br>icon-home<br>Ausbildungsbetrieb zur Pflegefachfrau \/ mann<br>bounceIn<br><br>icon-user-add<br>Zertifizierte Wundexperten ICW<br>bounceIn<br><br>icon-food-line<br>Vermittlung v. Essen auf R\u00e4dern<br>bounceIn<br><br>icon-book-open<br>Pflegekurse f\u00fcr pflegende Angeh\u00f6rige<br>bounceIn<br><br>default<br><br>Unsere Pflege f\u00fcr Ihre Gesundheit<br><h2>Schildern Sie uns Ihr Problem &#8230;        Wir finden auch f\u00fcr Sie eine passende L\u00f6sung !<\/h2><br>center<br>no-repeat;center top;;<br>auto<br>0px<br><br>MDK Pr\u00fcfungsergebnis:<br><h2>Ergebnis der Regelpr\u00fcfung <\/h2>\r<br><h3>durch den MDK am 16.01.2019<\/h3>\r<br>\r<br><a href=\"https:\/\/www.pflege-navigator.de\/index.php?module=careservice&amp;id=40976&amp;city=&amp;multi=56825&amp;hiddenCoords=&amp;zip=&amp;ambit=10&amp;extSearchSortierung=&amp;extSearchSortierungSort=&amp;extSearchTBVersion=2017&amp;&amp;start=0#pflegekarte\" target=\"_blank\" rel=\"noopener noreferrer\">Link zum Pr\u00fcfungsergebnis<\/a><br>no-repeat;center top;;<br>auto<br><br>Skills<br><hr class=\"no_line\" style=\"margin: 0 auto 0px auto\"\/>\n\r<br><div class=\"progress_bars\"><ul class=\"bars_list\"><li class=\"pb-desc\">\r<br><li><h6> <span class=\"label\">0<em>%<\/em><\/span><\/h6><div class=\"bar\" ><span class=\"progress\" style=\"width:0%;\"><\/span><\/div><\/li>\n\r<br><li><h6> <span class=\"label\">0<em>%<\/em><\/span><\/h6><div class=\"bar\" ><span class=\"progress\" style=\"width:0%;\"><\/span><\/div><\/li>\n\r<br><\/li><\/ul><\/div>\n<br>no-repeat;center top;;<br>auto<br><br>Skills<br><hr class=\"no_line\" style=\"margin: 0 auto 0px auto\"\/>\n\r<br><div class=\"progress_bars\"><ul class=\"bars_list\"><li class=\"pb-desc\">\r<br><li><h6> <span class=\"label\">0<em>%<\/em><\/span><\/h6><div class=\"bar\" ><span class=\"progress\" style=\"width:0%;\"><\/span><\/div><\/li>\n\r<br><li><h6> <span class=\"label\">0<em>%<\/em><\/span><\/h6><div class=\"bar\" ><span class=\"progress\" style=\"width:0%;\"><\/span><\/div><\/li>\n\r<br><\/li><\/ul><\/div>\n<br>no-repeat;center top;;<br>auto<br><br>Gesamtergebnis<br><hr class=\"no_line\" style=\"margin: 0 auto 0px auto\"\/>\n\r<br><div class=\"progress_bars\"><ul class=\"bars_list\"><li class=\"pb-desc\">\r<br><li><h6> <span class=\"label\">0<em>%<\/em><\/span><\/h6><div class=\"bar\" ><span class=\"progress\" style=\"width:0%;\"><\/span><\/div><\/li>\n\r<br>\r<br><\/li><\/ul><\/div>\n<br>no-repeat;center top;;<br>auto<br><br>Unsere Pflege f\u00fcr Ihre Gesundheit<br><h2>Unsere Pflege f\u00fcr Ihre Gesundheit<\/h2><br>center<br>no-repeat;center top;;<br>auto<br><br>icon-mail-line<br>Haben Sie noch Fragen ?\r<br><h4><a href=\"mailto:medicare@web.de\">medicare@web.de<\/a><\/h4><br>2<br>zoomIn<br><br>icon-comment-line<br>Oder rufen Sie uns an !\r<br><h4><a href=\"#\">02677 \/ 321 <\/a><\/h4><br>2<br>zoomIn<br><br>icon-doc-line<br>Fax\r<br><h4><a href=\"#\">02677 \/ 910172<\/a><\/h4><br>2<br>zoomIn<br><br><\/p>\n","protected":false},"excerpt":{"rendered":"<p>iconbounceIn mediumcenter1010https:\/\/medicare321.de\/wp-content\/uploads\/2020\/01\/K1600_MediCare_Imagefilm_Standbild_08.jpgbounceInRight mediumcenter1010https:\/\/medicare321.de\/wp-content\/uploads\/2020\/01\/K1600_MediCare_Imagefilm_Standbild_16.jpgbounceInRight iconbounceIn iconbounceIn mediumcenter1010https:\/\/medicare321.de\/wp-content\/uploads\/2020\/01\/K1600_MediCare_Imagefilm_Standbild_19.jpgbounceInRight Dar\u00fcberhinaus bieten wir Ihnen:iconicon-users icon-statusnetEnge Zusammenarbeit mit dem Pflegest\u00fctzpunktbounceIn icon-megaphoneVermittlung v. NotrufsystemenbounceIn icon-homeAusbildungsbetrieb zur Pflegefachfrau \/ mannbounceIn icon-user-addZertifizierte Wundexperten ICWbounceIn<span class=\"excerpt-hellip\"> [\u2026]<\/span><\/p>\n","protected":false},"author":1,"featured_media":0,"parent":0,"menu_order":0,"comment_status":"open","ping_status":"open","template":"","meta":{"footnotes":""},"class_list":["post-161","page","type-page","status-publish","hentry"],"yoast_head":"<!-- This site is optimized with the Yoast SEO plugin v27.2 - https:\/\/yoast.com\/product\/yoast-seo-wordpress\/ -->\n<title>Mobiler Pflegedienst Medicare - Leistungen<\/title>\n<meta name=\"robots\" content=\"index, follow, max-snippet:-1, max-image-preview:large, max-video-preview:-1\" \/>\n<link rel=\"canonical\" href=\"https:\/\/medicare321.de\/index.php\/leistungen\/\" \/>\n<meta property=\"og:locale\" content=\"de_DE\" \/>\n<meta property=\"og:type\" content=\"article\" \/>\n<meta property=\"og:title\" content=\"Mobiler Pflegedienst Medicare - Leistungen\" \/>\n<meta property=\"og:description\" content=\"iconbounceIn mediumcenter1010https:\/\/medicare321.de\/wp-content\/uploads\/2020\/01\/K1600_MediCare_Imagefilm_Standbild_08.jpgbounceInRight mediumcenter1010https:\/\/medicare321.de\/wp-content\/uploads\/2020\/01\/K1600_MediCare_Imagefilm_Standbild_16.jpgbounceInRight iconbounceIn iconbounceIn mediumcenter1010https:\/\/medicare321.de\/wp-content\/uploads\/2020\/01\/K1600_MediCare_Imagefilm_Standbild_19.jpgbounceInRight Dar\u00fcberhinaus bieten wir Ihnen:iconicon-users icon-statusnetEnge Zusammenarbeit mit dem Pflegest\u00fctzpunktbounceIn icon-megaphoneVermittlung v. NotrufsystemenbounceIn icon-homeAusbildungsbetrieb zur Pflegefachfrau \/ mannbounceIn icon-user-addZertifizierte Wundexperten ICWbounceIn [\u2026]\" \/>\n<meta property=\"og:url\" content=\"https:\/\/medicare321.de\/index.php\/leistungen\/\" \/>\n<meta property=\"og:site_name\" content=\"Mobiler Pflegedienst Medicare\" \/>\n<meta property=\"article:publisher\" content=\"https:\/\/www.facebook.com\/MedicarePflegedienst\/?__tn__=%2cd%2cP-R&amp;amp%3bamp%3bamp%3bamp%3bamp%3bamp%3bamp%3bamp%3bamp%3bamp%3beid=ARDSTbQ85EBHx_ALBzgS9jZhSO7b-Cksvs_eyYgO-1LcsFFLkj4QqfJVjsjfyfaYrG2Mfh8FN4P_9amj\" \/>\n<meta property=\"article:modified_time\" content=\"2022-04-14T13:07:37+00:00\" \/>\n<meta property=\"og:image\" content=\"https:\/\/medicare321.de\/wp-content\/uploads\/2020\/01\/K1600_MediCare_Imagefilm_Standbild_08.jpg\" \/>\n<meta name=\"twitter:card\" content=\"summary_large_image\" \/>\n<meta name=\"twitter:label1\" content=\"Gesch\u00e4tzte Lesezeit\" \/>\n\t<meta name=\"twitter:data1\" content=\"3\u00a0Minuten\" \/>\n<script type=\"application\/ld+json\" class=\"yoast-schema-graph\">{\"@context\":\"https:\/\/schema.org\",\"@graph\":[{\"@type\":\"WebPage\",\"@id\":\"https:\/\/medicare321.de\/index.php\/leistungen\/\",\"url\":\"https:\/\/medicare321.de\/index.php\/leistungen\/\",\"name\":\"Mobiler Pflegedienst Medicare - Leistungen\",\"isPartOf\":{\"@id\":\"https:\/\/medicare321.de\/#website\"},\"primaryImageOfPage\":{\"@id\":\"https:\/\/medicare321.de\/index.php\/leistungen\/#primaryimage\"},\"image\":{\"@id\":\"https:\/\/medicare321.de\/index.php\/leistungen\/#primaryimage\"},\"thumbnailUrl\":\"https:\/\/medicare321.de\/wp-content\/uploads\/2020\/01\/K1600_MediCare_Imagefilm_Standbild_08.jpg\",\"datePublished\":\"2020-01-12T15:03:13+00:00\",\"dateModified\":\"2022-04-14T13:07:37+00:00\",\"breadcrumb\":{\"@id\":\"https:\/\/medicare321.de\/index.php\/leistungen\/#breadcrumb\"},\"inLanguage\":\"de\",\"potentialAction\":[{\"@type\":\"ReadAction\",\"target\":[\"https:\/\/medicare321.de\/index.php\/leistungen\/\"]}]},{\"@type\":\"ImageObject\",\"inLanguage\":\"de\",\"@id\":\"https:\/\/medicare321.de\/index.php\/leistungen\/#primaryimage\",\"url\":\"https:\/\/medicare321.de\/wp-content\/uploads\/2020\/01\/K1600_MediCare_Imagefilm_Standbild_08.jpg\",\"contentUrl\":\"https:\/\/medicare321.de\/wp-content\/uploads\/2020\/01\/K1600_MediCare_Imagefilm_Standbild_08.jpg\",\"width\":1920,\"height\":1080},{\"@type\":\"BreadcrumbList\",\"@id\":\"https:\/\/medicare321.de\/index.php\/leistungen\/#breadcrumb\",\"itemListElement\":[{\"@type\":\"ListItem\",\"position\":1,\"name\":\"Startseite\",\"item\":\"https:\/\/medicare321.de\/\"},{\"@type\":\"ListItem\",\"position\":2,\"name\":\"Leistungen\"}]},{\"@type\":\"WebSite\",\"@id\":\"https:\/\/medicare321.de\/#website\",\"url\":\"https:\/\/medicare321.de\/\",\"name\":\"Mobiler Pflegedienst Medicare\",\"description\":\"Pflege, Betreuung &amp; Beratung\",\"publisher\":{\"@id\":\"https:\/\/medicare321.de\/#organization\"},\"potentialAction\":[{\"@type\":\"SearchAction\",\"target\":{\"@type\":\"EntryPoint\",\"urlTemplate\":\"https:\/\/medicare321.de\/?s={search_term_string}\"},\"query-input\":{\"@type\":\"PropertyValueSpecification\",\"valueRequired\":true,\"valueName\":\"search_term_string\"}}],\"inLanguage\":\"de\"},{\"@type\":\"Organization\",\"@id\":\"https:\/\/medicare321.de\/#organization\",\"name\":\"Medicare Pflegedienst\",\"url\":\"https:\/\/medicare321.de\/\",\"logo\":{\"@type\":\"ImageObject\",\"inLanguage\":\"de\",\"@id\":\"https:\/\/medicare321.de\/#\/schema\/logo\/image\/\",\"url\":\"https:\/\/medicare321.de\/wp-content\/uploads\/2020\/01\/Logo_Medicare_2019_41.png\",\"contentUrl\":\"https:\/\/medicare321.de\/wp-content\/uploads\/2020\/01\/Logo_Medicare_2019_41.png\",\"width\":2135,\"height\":1062,\"caption\":\"Medicare Pflegedienst\"},\"image\":{\"@id\":\"https:\/\/medicare321.de\/#\/schema\/logo\/image\/\"},\"sameAs\":[\"https:\/\/www.facebook.com\/MedicarePflegedienst\/?__tn__=,d,P-R&amp;amp;amp;amp;amp;amp;amp;amp;amp;amp;eid=ARDSTbQ85EBHx_ALBzgS9jZhSO7b-Cksvs_eyYgO-1LcsFFLkj4QqfJVjsjfyfaYrG2Mfh8FN4P_9amj\",\"https:\/\/www.youtube.com\/watch?v=q5zbH_PyL2o\"]}]}<\/script>\n<!-- \/ Yoast SEO plugin. -->","yoast_head_json":{"title":"Mobiler Pflegedienst Medicare - Leistungen","robots":{"index":"index","follow":"follow","max-snippet":"max-snippet:-1","max-image-preview":"max-image-preview:large","max-video-preview":"max-video-preview:-1"},"canonical":"https:\/\/medicare321.de\/index.php\/leistungen\/","og_locale":"de_DE","og_type":"article","og_title":"Mobiler Pflegedienst Medicare - Leistungen","og_description":"iconbounceIn mediumcenter1010https:\/\/medicare321.de\/wp-content\/uploads\/2020\/01\/K1600_MediCare_Imagefilm_Standbild_08.jpgbounceInRight mediumcenter1010https:\/\/medicare321.de\/wp-content\/uploads\/2020\/01\/K1600_MediCare_Imagefilm_Standbild_16.jpgbounceInRight iconbounceIn iconbounceIn mediumcenter1010https:\/\/medicare321.de\/wp-content\/uploads\/2020\/01\/K1600_MediCare_Imagefilm_Standbild_19.jpgbounceInRight Dar\u00fcberhinaus bieten wir Ihnen:iconicon-users icon-statusnetEnge Zusammenarbeit mit dem Pflegest\u00fctzpunktbounceIn icon-megaphoneVermittlung v. NotrufsystemenbounceIn icon-homeAusbildungsbetrieb zur Pflegefachfrau \/ mannbounceIn icon-user-addZertifizierte Wundexperten ICWbounceIn [\u2026]","og_url":"https:\/\/medicare321.de\/index.php\/leistungen\/","og_site_name":"Mobiler Pflegedienst Medicare","article_publisher":"https:\/\/www.facebook.com\/MedicarePflegedienst\/?__tn__=%2cd%2cP-R&amp%3bamp%3bamp%3bamp%3bamp%3bamp%3bamp%3bamp%3bamp%3bamp%3beid=ARDSTbQ85EBHx_ALBzgS9jZhSO7b-Cksvs_eyYgO-1LcsFFLkj4QqfJVjsjfyfaYrG2Mfh8FN4P_9amj","article_modified_time":"2022-04-14T13:07:37+00:00","og_image":[{"url":"https:\/\/medicare321.de\/wp-content\/uploads\/2020\/01\/K1600_MediCare_Imagefilm_Standbild_08.jpg","type":"","width":"","height":""}],"twitter_card":"summary_large_image","twitter_misc":{"Gesch\u00e4tzte Lesezeit":"3\u00a0Minuten"},"schema":{"@context":"https:\/\/schema.org","@graph":[{"@type":"WebPage","@id":"https:\/\/medicare321.de\/index.php\/leistungen\/","url":"https:\/\/medicare321.de\/index.php\/leistungen\/","name":"Mobiler Pflegedienst Medicare - Leistungen","isPartOf":{"@id":"https:\/\/medicare321.de\/#website"},"primaryImageOfPage":{"@id":"https:\/\/medicare321.de\/index.php\/leistungen\/#primaryimage"},"image":{"@id":"https:\/\/medicare321.de\/index.php\/leistungen\/#primaryimage"},"thumbnailUrl":"https:\/\/medicare321.de\/wp-content\/uploads\/2020\/01\/K1600_MediCare_Imagefilm_Standbild_08.jpg","datePublished":"2020-01-12T15:03:13+00:00","dateModified":"2022-04-14T13:07:37+00:00","breadcrumb":{"@id":"https:\/\/medicare321.de\/index.php\/leistungen\/#breadcrumb"},"inLanguage":"de","potentialAction":[{"@type":"ReadAction","target":["https:\/\/medicare321.de\/index.php\/leistungen\/"]}]},{"@type":"ImageObject","inLanguage":"de","@id":"https:\/\/medicare321.de\/index.php\/leistungen\/#primaryimage","url":"https:\/\/medicare321.de\/wp-content\/uploads\/2020\/01\/K1600_MediCare_Imagefilm_Standbild_08.jpg","contentUrl":"https:\/\/medicare321.de\/wp-content\/uploads\/2020\/01\/K1600_MediCare_Imagefilm_Standbild_08.jpg","width":1920,"height":1080},{"@type":"BreadcrumbList","@id":"https:\/\/medicare321.de\/index.php\/leistungen\/#breadcrumb","itemListElement":[{"@type":"ListItem","position":1,"name":"Startseite","item":"https:\/\/medicare321.de\/"},{"@type":"ListItem","position":2,"name":"Leistungen"}]},{"@type":"WebSite","@id":"https:\/\/medicare321.de\/#website","url":"https:\/\/medicare321.de\/","name":"Mobiler Pflegedienst Medicare","description":"Pflege, Betreuung &amp; Beratung","publisher":{"@id":"https:\/\/medicare321.de\/#organization"},"potentialAction":[{"@type":"SearchAction","target":{"@type":"EntryPoint","urlTemplate":"https:\/\/medicare321.de\/?s={search_term_string}"},"query-input":{"@type":"PropertyValueSpecification","valueRequired":true,"valueName":"search_term_string"}}],"inLanguage":"de"},{"@type":"Organization","@id":"https:\/\/medicare321.de\/#organization","name":"Medicare Pflegedienst","url":"https:\/\/medicare321.de\/","logo":{"@type":"ImageObject","inLanguage":"de","@id":"https:\/\/medicare321.de\/#\/schema\/logo\/image\/","url":"https:\/\/medicare321.de\/wp-content\/uploads\/2020\/01\/Logo_Medicare_2019_41.png","contentUrl":"https:\/\/medicare321.de\/wp-content\/uploads\/2020\/01\/Logo_Medicare_2019_41.png","width":2135,"height":1062,"caption":"Medicare Pflegedienst"},"image":{"@id":"https:\/\/medicare321.de\/#\/schema\/logo\/image\/"},"sameAs":["https:\/\/www.facebook.com\/MedicarePflegedienst\/?__tn__=,d,P-R&amp;amp;amp;amp;amp;amp;amp;amp;amp;amp;eid=ARDSTbQ85EBHx_ALBzgS9jZhSO7b-Cksvs_eyYgO-1LcsFFLkj4QqfJVjsjfyfaYrG2Mfh8FN4P_9amj","https:\/\/www.youtube.com\/watch?v=q5zbH_PyL2o"]}]}},"_links":{"self":[{"href":"https:\/\/medicare321.de\/index.php\/wp-json\/wp\/v2\/pages\/161","targetHints":{"allow":["GET"]}}],"collection":[{"href":"https:\/\/medicare321.de\/index.php\/wp-json\/wp\/v2\/pages"}],"about":[{"href":"https:\/\/medicare321.de\/index.php\/wp-json\/wp\/v2\/types\/page"}],"author":[{"embeddable":true,"href":"https:\/\/medicare321.de\/index.php\/wp-json\/wp\/v2\/users\/1"}],"replies":[{"embeddable":true,"href":"https:\/\/medicare321.de\/index.php\/wp-json\/wp\/v2\/comments?post=161"}],"version-history":[{"count":5,"href":"https:\/\/medicare321.de\/index.php\/wp-json\/wp\/v2\/pages\/161\/revisions"}],"predecessor-version":[{"id":296,"href":"https:\/\/medicare321.de\/index.php\/wp-json\/wp\/v2\/pages\/161\/revisions\/296"}],"wp:attachment":[{"href":"https:\/\/medicare321.de\/index.php\/wp-json\/wp\/v2\/media?parent=161"}],"curies":[{"name":"wp","href":"https:\/\/api.w.org\/{rel}","templated":true}]}}