{"id":244,"date":"2020-01-23T10:52:45","date_gmt":"2020-01-23T09:52:45","guid":{"rendered":"https:\/\/medicare321.de\/?page_id=244"},"modified":"2020-01-30T10:52:12","modified_gmt":"2020-01-30T09:52:12","slug":"kontakt","status":"publish","type":"page","link":"https:\/\/medicare321.de\/index.php\/kontakt\/","title":{"rendered":"Kontakt"},"content":{"rendered":"\n<p>\r<br><span class=\"single_icon  themecolor\"><i style=\"font-size:25px;line-height:25px;\" class=\"\"><\/i><\/span>\n\r<br>\r<br><div class=\"mfn_heading  align_left\"><h2 class=\"title\" >Wir kommen auch zu Ihnen &#8230;<\/h2><\/div>\n\r<br>\r<br><div class=\"google_font\" style=\"font-family:'',Arial,Tahoma,sans-serif;font-size:25px;line-height:25px;font-weight:400;letter-spacing:0px;\">Wir arbeiten mit \u00c4rzten, Apotheken, Sanit\u00e4tsh\u00e4usern und Partnerdiensten zusammen, um auch f\u00fcr Sie passende Unterst\u00fctzung zu finden.<\/div>\n<br>icon<br><br><br>Medicare<br>13<br>300<br><br>\r<br><div class=\"column one-second mobile-one\"><div class=\"mcb-column-inner\">\r<br><h2>B\u00fcroanschrift<\/h2>\r<br>Medicare Mobile Pflege\r<br>Gartenstra\u00dfe 5\r<br>56825 Gillenbeuren\r<br> <a href=\"02677321\">02677321<\/a>\r<br> <a href=\"mailto:medicare@web.de\">medicare@web.de<\/a>\r<br> <a href=\"http:\/\/http:\/\/www.medicare321.de\" target=\"_blank\" rel=\"noopener noreferrer\">http:\/\/www.medicare321.de<\/a>\r<br>\r<br><\/div><\/div>\n\r<br><hr class=\"no_line\" style=\"margin: 0 auto 0px auto\"\/>\n\r<br><div class=\"column one-second mobile-one\"><div class=\"mcb-column-inner\">\r<br><h2>\u00d6ffnungszeiten<\/h2>\r<br>B\u00fcrozeiten\r<br>Montag bis Freitag 07:00 Uhr bis 13:00 Uhr\r<br>\r<br>Telefonservice\r<br>Montag bis Freitag 07:00 Uhr bis 15:00 Uhr\r<br>\r<br>In dringenden F\u00e4llen auch mobil erreichbar\r<br>\r<br>\r<br><\/div><\/div>\n<br>left<br>no-repeat;left top;;<br>auto<br>0 0 0 20<br>zoomIn<br><br>Unsere Pflege f\u00fcr Ihre Gesundheit<br><h2>Unsere Pflege f\u00fcr Ihre Gesundheit<\/h2><br>center<br>no-repeat;center top;;<br>auto<br><br>icon-mail-line<br>Haben Sie noch Fragen ?\r<br><h4><a href=\"mailto:medicare@web.de\">medicare@web.de<\/a><\/h4><br>2<br>zoomIn<br><br>icon-comment-line<br>Oder rufen Sie uns an !\r<br><h4><a href=\"#\">02677 \/ 321 <\/a><\/h4><br>2<br>zoomIn<br><br>icon-doc-line<br>Fax\r<br><h4><a href=\"#\">02677 \/ 910172<\/a><\/h4><br>2<br>zoomIn<br><br><\/p>\n","protected":false},"excerpt":{"rendered":"<p>icon Medicare13300 leftno-repeat;left top;;auto0 0 0 20zoomIn Unsere Pflege f\u00fcr Ihre Gesundheit Unsere Pflege f\u00fcr Ihre Gesundheit centerno-repeat;center top;;auto icon-mail-lineHaben Sie noch Fragen ? medicare@web.de 2zoomIn<span class=\"excerpt-hellip\"> [\u2026]<\/span><\/p>\n","protected":false},"author":1,"featured_media":0,"parent":0,"menu_order":0,"comment_status":"open","ping_status":"closed","template":"","meta":{"footnotes":""},"class_list":["post-244","page","type-page","status-publish","hentry"],"yoast_head":"<!-- This site is optimized with the Yoast SEO plugin v27.2 - https:\/\/yoast.com\/product\/yoast-seo-wordpress\/ -->\n<title>Mobiler Pflegedienst Medicare - Kontakt<\/title>\n<meta name=\"robots\" content=\"index, follow, max-snippet:-1, max-image-preview:large, max-video-preview:-1\" \/>\n<link rel=\"canonical\" href=\"https:\/\/medicare321.de\/index.php\/kontakt\/\" \/>\n<meta property=\"og:locale\" content=\"de_DE\" \/>\n<meta property=\"og:type\" content=\"article\" \/>\n<meta property=\"og:title\" content=\"Mobiler Pflegedienst Medicare - Kontakt\" \/>\n<meta property=\"og:description\" content=\"icon Medicare13300 leftno-repeat;left top;;auto0 0 0 20zoomIn Unsere Pflege f\u00fcr Ihre Gesundheit Unsere Pflege f\u00fcr Ihre Gesundheit centerno-repeat;center top;;auto icon-mail-lineHaben Sie noch Fragen ? medicare@web.de 2zoomIn [\u2026]\" \/>\n<meta property=\"og:url\" content=\"https:\/\/medicare321.de\/index.php\/kontakt\/\" \/>\n<meta property=\"og:site_name\" content=\"Mobiler Pflegedienst Medicare\" \/>\n<meta property=\"article:publisher\" content=\"https:\/\/www.facebook.com\/MedicarePflegedienst\/?__tn__=%2cd%2cP-R&amp;amp%3bamp%3bamp%3bamp%3bamp%3bamp%3bamp%3bamp%3bamp%3bamp%3beid=ARDSTbQ85EBHx_ALBzgS9jZhSO7b-Cksvs_eyYgO-1LcsFFLkj4QqfJVjsjfyfaYrG2Mfh8FN4P_9amj\" \/>\n<meta property=\"article:modified_time\" content=\"2020-01-30T09:52:12+00:00\" \/>\n<meta name=\"twitter:card\" content=\"summary_large_image\" \/>\n<meta name=\"twitter:label1\" content=\"Gesch\u00e4tzte Lesezeit\" \/>\n\t<meta name=\"twitter:data1\" content=\"1\u00a0Minute\" \/>\n<script type=\"application\/ld+json\" class=\"yoast-schema-graph\">{\"@context\":\"https:\/\/schema.org\",\"@graph\":[{\"@type\":\"WebPage\",\"@id\":\"https:\/\/medicare321.de\/index.php\/kontakt\/\",\"url\":\"https:\/\/medicare321.de\/index.php\/kontakt\/\",\"name\":\"Mobiler Pflegedienst Medicare - Kontakt\",\"isPartOf\":{\"@id\":\"https:\/\/medicare321.de\/#website\"},\"datePublished\":\"2020-01-23T09:52:45+00:00\",\"dateModified\":\"2020-01-30T09:52:12+00:00\",\"breadcrumb\":{\"@id\":\"https:\/\/medicare321.de\/index.php\/kontakt\/#breadcrumb\"},\"inLanguage\":\"de\",\"potentialAction\":[{\"@type\":\"ReadAction\",\"target\":[\"https:\/\/medicare321.de\/index.php\/kontakt\/\"]}]},{\"@type\":\"BreadcrumbList\",\"@id\":\"https:\/\/medicare321.de\/index.php\/kontakt\/#breadcrumb\",\"itemListElement\":[{\"@type\":\"ListItem\",\"position\":1,\"name\":\"Startseite\",\"item\":\"https:\/\/medicare321.de\/\"},{\"@type\":\"ListItem\",\"position\":2,\"name\":\"Kontakt\"}]},{\"@type\":\"WebSite\",\"@id\":\"https:\/\/medicare321.de\/#website\",\"url\":\"https:\/\/medicare321.de\/\",\"name\":\"Mobiler Pflegedienst Medicare\",\"description\":\"Pflege, Betreuung &amp; Beratung\",\"publisher\":{\"@id\":\"https:\/\/medicare321.de\/#organization\"},\"potentialAction\":[{\"@type\":\"SearchAction\",\"target\":{\"@type\":\"EntryPoint\",\"urlTemplate\":\"https:\/\/medicare321.de\/?s={search_term_string}\"},\"query-input\":{\"@type\":\"PropertyValueSpecification\",\"valueRequired\":true,\"valueName\":\"search_term_string\"}}],\"inLanguage\":\"de\"},{\"@type\":\"Organization\",\"@id\":\"https:\/\/medicare321.de\/#organization\",\"name\":\"Medicare Pflegedienst\",\"url\":\"https:\/\/medicare321.de\/\",\"logo\":{\"@type\":\"ImageObject\",\"inLanguage\":\"de\",\"@id\":\"https:\/\/medicare321.de\/#\/schema\/logo\/image\/\",\"url\":\"https:\/\/medicare321.de\/wp-content\/uploads\/2020\/01\/Logo_Medicare_2019_41.png\",\"contentUrl\":\"https:\/\/medicare321.de\/wp-content\/uploads\/2020\/01\/Logo_Medicare_2019_41.png\",\"width\":2135,\"height\":1062,\"caption\":\"Medicare Pflegedienst\"},\"image\":{\"@id\":\"https:\/\/medicare321.de\/#\/schema\/logo\/image\/\"},\"sameAs\":[\"https:\/\/www.facebook.com\/MedicarePflegedienst\/?__tn__=,d,P-R&amp;amp;amp;amp;amp;amp;amp;amp;amp;amp;eid=ARDSTbQ85EBHx_ALBzgS9jZhSO7b-Cksvs_eyYgO-1LcsFFLkj4QqfJVjsjfyfaYrG2Mfh8FN4P_9amj\",\"https:\/\/www.youtube.com\/watch?v=q5zbH_PyL2o\"]}]}<\/script>\n<!-- \/ Yoast SEO plugin. -->","yoast_head_json":{"title":"Mobiler Pflegedienst Medicare - Kontakt","robots":{"index":"index","follow":"follow","max-snippet":"max-snippet:-1","max-image-preview":"max-image-preview:large","max-video-preview":"max-video-preview:-1"},"canonical":"https:\/\/medicare321.de\/index.php\/kontakt\/","og_locale":"de_DE","og_type":"article","og_title":"Mobiler Pflegedienst Medicare - Kontakt","og_description":"icon Medicare13300 leftno-repeat;left top;;auto0 0 0 20zoomIn Unsere Pflege f\u00fcr Ihre Gesundheit Unsere Pflege f\u00fcr Ihre Gesundheit centerno-repeat;center top;;auto icon-mail-lineHaben Sie noch Fragen ? medicare@web.de 2zoomIn [\u2026]","og_url":"https:\/\/medicare321.de\/index.php\/kontakt\/","og_site_name":"Mobiler Pflegedienst Medicare","article_publisher":"https:\/\/www.facebook.com\/MedicarePflegedienst\/?__tn__=%2cd%2cP-R&amp%3bamp%3bamp%3bamp%3bamp%3bamp%3bamp%3bamp%3bamp%3bamp%3beid=ARDSTbQ85EBHx_ALBzgS9jZhSO7b-Cksvs_eyYgO-1LcsFFLkj4QqfJVjsjfyfaYrG2Mfh8FN4P_9amj","article_modified_time":"2020-01-30T09:52:12+00:00","twitter_card":"summary_large_image","twitter_misc":{"Gesch\u00e4tzte Lesezeit":"1\u00a0Minute"},"schema":{"@context":"https:\/\/schema.org","@graph":[{"@type":"WebPage","@id":"https:\/\/medicare321.de\/index.php\/kontakt\/","url":"https:\/\/medicare321.de\/index.php\/kontakt\/","name":"Mobiler Pflegedienst Medicare - Kontakt","isPartOf":{"@id":"https:\/\/medicare321.de\/#website"},"datePublished":"2020-01-23T09:52:45+00:00","dateModified":"2020-01-30T09:52:12+00:00","breadcrumb":{"@id":"https:\/\/medicare321.de\/index.php\/kontakt\/#breadcrumb"},"inLanguage":"de","potentialAction":[{"@type":"ReadAction","target":["https:\/\/medicare321.de\/index.php\/kontakt\/"]}]},{"@type":"BreadcrumbList","@id":"https:\/\/medicare321.de\/index.php\/kontakt\/#breadcrumb","itemListElement":[{"@type":"ListItem","position":1,"name":"Startseite","item":"https:\/\/medicare321.de\/"},{"@type":"ListItem","position":2,"name":"Kontakt"}]},{"@type":"WebSite","@id":"https:\/\/medicare321.de\/#website","url":"https:\/\/medicare321.de\/","name":"Mobiler Pflegedienst Medicare","description":"Pflege, Betreuung &amp; Beratung","publisher":{"@id":"https:\/\/medicare321.de\/#organization"},"potentialAction":[{"@type":"SearchAction","target":{"@type":"EntryPoint","urlTemplate":"https:\/\/medicare321.de\/?s={search_term_string}"},"query-input":{"@type":"PropertyValueSpecification","valueRequired":true,"valueName":"search_term_string"}}],"inLanguage":"de"},{"@type":"Organization","@id":"https:\/\/medicare321.de\/#organization","name":"Medicare Pflegedienst","url":"https:\/\/medicare321.de\/","logo":{"@type":"ImageObject","inLanguage":"de","@id":"https:\/\/medicare321.de\/#\/schema\/logo\/image\/","url":"https:\/\/medicare321.de\/wp-content\/uploads\/2020\/01\/Logo_Medicare_2019_41.png","contentUrl":"https:\/\/medicare321.de\/wp-content\/uploads\/2020\/01\/Logo_Medicare_2019_41.png","width":2135,"height":1062,"caption":"Medicare Pflegedienst"},"image":{"@id":"https:\/\/medicare321.de\/#\/schema\/logo\/image\/"},"sameAs":["https:\/\/www.facebook.com\/MedicarePflegedienst\/?__tn__=,d,P-R&amp;amp;amp;amp;amp;amp;amp;amp;amp;amp;eid=ARDSTbQ85EBHx_ALBzgS9jZhSO7b-Cksvs_eyYgO-1LcsFFLkj4QqfJVjsjfyfaYrG2Mfh8FN4P_9amj","https:\/\/www.youtube.com\/watch?v=q5zbH_PyL2o"]}]}},"_links":{"self":[{"href":"https:\/\/medicare321.de\/index.php\/wp-json\/wp\/v2\/pages\/244","targetHints":{"allow":["GET"]}}],"collection":[{"href":"https:\/\/medicare321.de\/index.php\/wp-json\/wp\/v2\/pages"}],"about":[{"href":"https:\/\/medicare321.de\/index.php\/wp-json\/wp\/v2\/types\/page"}],"author":[{"embeddable":true,"href":"https:\/\/medicare321.de\/index.php\/wp-json\/wp\/v2\/users\/1"}],"replies":[{"embeddable":true,"href":"https:\/\/medicare321.de\/index.php\/wp-json\/wp\/v2\/comments?post=244"}],"version-history":[{"count":3,"href":"https:\/\/medicare321.de\/index.php\/wp-json\/wp\/v2\/pages\/244\/revisions"}],"predecessor-version":[{"id":295,"href":"https:\/\/medicare321.de\/index.php\/wp-json\/wp\/v2\/pages\/244\/revisions\/295"}],"wp:attachment":[{"href":"https:\/\/medicare321.de\/index.php\/wp-json\/wp\/v2\/media?parent=244"}],"curies":[{"name":"wp","href":"https:\/\/api.w.org\/{rel}","templated":true}]}}

<p><br><span class="single_icon  themecolor"><i style="font-size:25px;line-height:25px;" class=""></i></span>
<br><br><div class="mfn_heading  align_left"><h2 class="title" >Wir kommen auch zu Ihnen &#8230;</h2></div>
<br><br><div class="google_font" style="font-family:'',Arial,Tahoma,sans-serif;font-size:25px;line-height:25px;font-weight:400;letter-spacing:0px;">Wir arbeiten mit Ärzten, Apotheken, Sanitätshäusern und Partnerdiensten zusammen, um auch für Sie passende Unterstützung zu finden.</div>
<br>icon<br><br><br>Medicare<br>13<br>300<br><br><br><div class="column one-second mobile-one"><div class="mcb-column-inner"><br><h2>Büroanschrift</h2><br>Medicare Mobile Pflege<br>Gartenstraße 5<br>56825 Gillenbeuren<br> <a href="02677321">02677321</a><br> <a href="mailto:medicare@web.de">medicare@web.de</a><br> <a href="http://http://www.medicare321.de" target="_blank" rel="noopener noreferrer">http://www.medicare321.de</a><br><br></div></div>
<br><hr class="no_line" style="margin: 0 auto 0px auto"/>
<br><div class="column one-second mobile-one"><div class="mcb-column-inner"><br><h2>Öffnungszeiten</h2><br>Bürozeiten<br>Montag bis Freitag 07:00 Uhr bis 13:00 Uhr<br><br>Telefonservice<br>Montag bis Freitag 07:00 Uhr bis 15:00 Uhr<br><br>In dringenden Fällen auch mobil erreichbar<br><br><br></div></div>
<br>left<br>no-repeat;left top;;<br>auto<br>0 0 0 20<br>zoomIn<br><br>Unsere Pflege für Ihre Gesundheit<br><h2>Unsere Pflege für Ihre Gesundheit</h2><br>center<br>no-repeat;center top;;<br>auto<br><br>icon-mail-line<br>Haben Sie noch Fragen ?<br><h4><a href="mailto:medicare@web.de">medicare@web.de</a></h4><br>2<br>zoomIn<br><br>icon-comment-line<br>Oder rufen Sie uns an !<br><h4><a href="#">02677 / 321 </a></h4><br>2<br>zoomIn<br><br>icon-doc-line<br>Fax<br><h4><a href="#">02677 / 910172</a></h4><br>2<br>zoomIn<br><br></p>

<p>icon Medicare13300 leftno-repeat;left top;;auto0 0 0 20zoomIn Unsere Pflege für Ihre Gesundheit Unsere Pflege für Ihre Gesundheit centerno-repeat;center top;;auto icon-mail-lineHaben Sie noch Fragen ? medicare@web.de 2zoomIn<span class="excerpt-hellip"> […]</span></p>

<!-- This site is optimized with the Yoast SEO plugin v27.2 - https://yoast.com/product/yoast-seo-wordpress/ -->
<title>Mobiler Pflegedienst Medicare - Kontakt</title>
<meta name="robots" content="index, follow, max-snippet:-1, max-image-preview:large, max-video-preview:-1" />
<link rel="canonical" href="https://medicare321.de/index.php/kontakt/" />
<meta property="og:locale" content="de_DE" />
<meta property="og:type" content="article" />
<meta property="og:title" content="Mobiler Pflegedienst Medicare - Kontakt" />
<meta property="og:description" content="icon Medicare13300 leftno-repeat;left top;;auto0 0 0 20zoomIn Unsere Pflege für Ihre Gesundheit Unsere Pflege für Ihre Gesundheit centerno-repeat;center top;;auto icon-mail-lineHaben Sie noch Fragen ? medicare@web.de 2zoomIn […]" />
<meta property="og:url" content="https://medicare321.de/index.php/kontakt/" />
<meta property="og:site_name" content="Mobiler Pflegedienst Medicare" />
<meta property="article:publisher" content="https://www.facebook.com/MedicarePflegedienst/?__tn__=%2cd%2cP-R&amp;amp%3bamp%3bamp%3bamp%3bamp%3bamp%3bamp%3bamp%3bamp%3bamp%3beid=ARDSTbQ85EBHx_ALBzgS9jZhSO7b-Cksvs_eyYgO-1LcsFFLkj4QqfJVjsjfyfaYrG2Mfh8FN4P_9amj" />
<meta property="article:modified_time" content="2020-01-30T09:52:12+00:00" />
<meta name="twitter:card" content="summary_large_image" />
<meta name="twitter:label1" content="Geschätzte Lesezeit" />
	<meta name="twitter:data1" content="1 Minute" />
<script type="application/ld+json" class="yoast-schema-graph">{"@context":"https://schema.org","@graph":[{"@type":"WebPage","@id":"https://medicare321.de/index.php/kontakt/","url":"https://medicare321.de/index.php/kontakt/","name":"Mobiler Pflegedienst Medicare - Kontakt","isPartOf":{"@id":"https://medicare321.de/#website"},"datePublished":"2020-01-23T09:52:45+00:00","dateModified":"2020-01-30T09:52:12+00:00","breadcrumb":{"@id":"https://medicare321.de/index.php/kontakt/#breadcrumb"},"inLanguage":"de","potentialAction":[{"@type":"ReadAction","target":["https://medicare321.de/index.php/kontakt/"]}]},{"@type":"BreadcrumbList","@id":"https://medicare321.de/index.php/kontakt/#breadcrumb","itemListElement":[{"@type":"ListItem","position":1,"name":"Startseite","item":"https://medicare321.de/"},{"@type":"ListItem","position":2,"name":"Kontakt"}]},{"@type":"WebSite","@id":"https://medicare321.de/#website","url":"https://medicare321.de/","name":"Mobiler Pflegedienst Medicare","description":"Pflege, Betreuung &amp; Beratung","publisher":{"@id":"https://medicare321.de/#organization"},"potentialAction":[{"@type":"SearchAction","target":{"@type":"EntryPoint","urlTemplate":"https://medicare321.de/?s={search_term_string}"},"query-input":{"@type":"PropertyValueSpecification","valueRequired":true,"valueName":"search_term_string"}}],"inLanguage":"de"},{"@type":"Organization","@id":"https://medicare321.de/#organization","name":"Medicare Pflegedienst","url":"https://medicare321.de/","logo":{"@type":"ImageObject","inLanguage":"de","@id":"https://medicare321.de/#/schema/logo/image/","url":"https://medicare321.de/wp-content/uploads/2020/01/Logo_Medicare_2019_41.png","contentUrl":"https://medicare321.de/wp-content/uploads/2020/01/Logo_Medicare_2019_41.png","width":2135,"height":1062,"caption":"Medicare Pflegedienst"},"image":{"@id":"https://medicare321.de/#/schema/logo/image/"},"sameAs":["https://www.facebook.com/MedicarePflegedienst/?__tn__=,d,P-R&amp;amp;amp;amp;amp;amp;amp;amp;amp;amp;eid=ARDSTbQ85EBHx_ALBzgS9jZhSO7b-Cksvs_eyYgO-1LcsFFLkj4QqfJVjsjfyfaYrG2Mfh8FN4P_9amj","https://www.youtube.com/watch?v=q5zbH_PyL2o"]}]}</script>
<!-- / Yoast SEO plugin. -->

icon Medicare13300 leftno-repeat;left top;;auto0 0 0 20zoomIn Unsere Pflege für Ihre Gesundheit Unsere Pflege für Ihre Gesundheit centerno-repeat;center top;;auto icon-mail-lineHaben Sie noch Fragen ? medicare@web.de 2zoomIn […]
