{"id":54,"date":"2014-09-22T08:35:53","date_gmt":"2014-09-22T08:35:53","guid":{"rendered":"http:\/\/themes.muffingroup.com\/be\/business\/?page_id=2"},"modified":"2022-12-11T14:49:54","modified_gmt":"2022-12-11T13:49:54","slug":"home","status":"publish","type":"page","link":"https:\/\/medicare321.de\/","title":{"rendered":"Home"},"content":{"rendered":"\n<p><\/p>\n\n\n\n<p>\r<br><span class=\"single_icon  themecolor\"><i style=\"font-size:25px;line-height:25px;\" class=\"\"><\/i><\/span>\n\r<br>\r<br>\r<br><div class=\"mfn_heading  align_left\"><h2 class=\"title\" >Medicare Mobile PflegeGute Pflege in nur 3 Schritten<\/h2><\/div>\n\r<br>\r<br><div class=\"google_font\" style=\"font-family:'',Arial,Tahoma,sans-serif;font-size:25px;line-height:25px;font-weight:400;letter-spacing:0px;\"><\/div>\n<br>icon<br><br><br>center<br>no-repeat;center top;;<br>auto<br>fadeIn<br><br><img decoding=\"async\" src=\"https:\/\/medicare321.de\/wp-content\/uploads\/2020\/01\/blase.png\" alt=\"blase\" \/><br>Schritt 1<br><h2>Beratung &amp; Planung vor Ort<\/h2><br>bounceInLeft<br><br><img decoding=\"async\" src=\"https:\/\/medicare321.de\/wp-content\/uploads\/2020\/01\/koffer.png\" alt=\"koffer\" \/><br>2<br>Schritt 2<br><h2>Qualifizierte Versorgung<\/h2><br>bounceIn<br><br><img decoding=\"async\" src=\"https:\/\/medicare321.de\/wp-content\/uploads\/2020\/01\/step_3.png\" alt=\"step_3\" \/><br>3<br>Schritt 3<br><h2>Verbesserung der Lebenssituation <\/h2><br>bounceInRight<br><br><br>center<br>no-repeat;center top;;<br>auto<br>fadeIn<br><br>q5zbH_PyL2o<br>autoplay=1&amp;loop=1<br>600<br><br><img decoding=\"async\" src=\"https:\/\/medicare321.de\/wp-content\/uploads\/2020\/01\/K1600_MediCare_Leitung_05.jpg\" alt=\"K1600_MediCare_Leitung_05\" \/><br>Elfriede Andermann<br>Firmengr\u00fcnderin<br>vertical<br>fadeInLeft<br><br><img decoding=\"async\" src=\"https:\/\/medicare321.de\/wp-content\/uploads\/2020\/01\/K1600_MediCare_Leitung_03.jpg\" alt=\"K1600_MediCare_Leitung_03\" \/><br>Tina Thull<br>Pflegedienstleitung<br>vertical<br>fadeInUp<br><br><img decoding=\"async\" src=\"https:\/\/medicare321.de\/wp-content\/uploads\/2020\/01\/K1600_MediCare_Leitung_02.jpg\" alt=\"K1600_MediCare_Leitung_02\" \/><br>Sabine Smollich<br>Zertifizierte Wundexpertin ICW<br>vertical<br>fadeInDown<br><br>Warum wir ?<br>\r<br>famili\u00e4r und aus einer Hand\r<br>indiviuell und zuverl\u00e4ssig\r<br>24 h Erreichbarkeit\r<br>hochmotivierte Mitarbeiter\r<br>und vieles mehr&#8230;\r<br><br><img decoding=\"async\" src=\"http:\/\/medicare321.de\/wp-content\/uploads\/2014\/09\/home_business_infobox.png\" alt=\"home_business_infobox\" \/><br><br>Unsere Firmenphilosophie<br><h2>Unsere Firmenphilosophie &#8230;<\/h2>\r<br><h4>Ziel unserer Pflege ist es \r<br>Gesundheit zu f\u00f6rdern, Krankheit zu verh\u00fcten, Leiden zu lindern \r<br>sowie die Selbstst\u00e4ndigkeit des Kunden zu erhalten bzw. wiederherzustellen.<\/h4><br>no-repeat;center top;;<br>auto<br>fadeIn<br><br>Unsere Pflege f\u00fcr Ihre Gesundheit<br><h2>Unsere Pflege f\u00fcr Ihre Gesundheit<\/h2><br>center<br>no-repeat;center top;;<br>auto<br><br>icon-mail-line<br>Haben Sie noch Fragen ?\r<br><h4><a href=\"mailto:medicare@web.de\">medicare@web.de<\/a><\/h4><br>2<br>zoomIn<br><br>icon-comment-line<br>Oder rufen Sie uns an !\r<br><h4><a href=\"#\">02677 \/ 321 <\/a><\/h4><br>2<br>zoomIn<br><br>icon-doc-line<br>Fax\r<br><h4><a href=\"#\">02677 \/ 910172<\/a><\/h4><br>2<br>zoomIn<br><br><\/p>\n","protected":false},"excerpt":{"rendered":"<p>icon centerno-repeat;center top;;autofadeIn Schritt 1 Beratung &amp; Planung vor Ort bounceInLeft 2Schritt 2 Qualifizierte Versorgung bounceIn 3Schritt 3 Verbesserung der Lebenssituation bounceInRight centerno-repeat;center top;;autofadeIn q5zbH_PyL2oautoplay=1&amp;loop=1600 Elfriede<span class=\"excerpt-hellip\"> [\u2026]<\/span><\/p>\n","protected":false},"author":1,"featured_media":0,"parent":0,"menu_order":0,"comment_status":"open","ping_status":"open","template":"","meta":{"footnotes":""},"class_list":["post-54","page","type-page","status-publish","hentry"],"yoast_head":"<!-- This site is optimized with the Yoast SEO plugin v27.2 - https:\/\/yoast.com\/product\/yoast-seo-wordpress\/ -->\n<title>Mobiler Pflegedienst Medicare - Pflege, Betreuung &amp; Beratung<\/title>\n<meta name=\"description\" content=\"Ziel unserer Pflege ist es Gesundheit zu f\u00f6rdern, Krankheit zu verh\u00fcten, Leiden zu lindern sowie die Selbstst\u00e4ndigkeit des Kunden zu erhalten bzw. wiederherzustellen.\" \/>\n<meta name=\"robots\" content=\"index, follow, max-snippet:-1, max-image-preview:large, max-video-preview:-1\" \/>\n<link rel=\"canonical\" href=\"https:\/\/medicare321.de\/\" \/>\n<meta property=\"og:locale\" content=\"de_DE\" \/>\n<meta property=\"og:type\" content=\"article\" \/>\n<meta property=\"og:title\" content=\"Mobiler Pflegedienst Medicare - Pflege, Betreuung &amp; Beratung\" \/>\n<meta property=\"og:description\" content=\"Ziel unserer Pflege ist es Gesundheit zu f\u00f6rdern, Krankheit zu verh\u00fcten, Leiden zu lindern sowie die Selbstst\u00e4ndigkeit des Kunden zu erhalten bzw. wiederherzustellen.\" \/>\n<meta property=\"og:url\" content=\"https:\/\/medicare321.de\/\" \/>\n<meta property=\"og:site_name\" content=\"Mobiler Pflegedienst Medicare\" \/>\n<meta property=\"article:publisher\" content=\"https:\/\/www.facebook.com\/MedicarePflegedienst\/?__tn__=%2cd%2cP-R&amp;amp%3bamp%3bamp%3bamp%3bamp%3bamp%3bamp%3bamp%3bamp%3bamp%3beid=ARDSTbQ85EBHx_ALBzgS9jZhSO7b-Cksvs_eyYgO-1LcsFFLkj4QqfJVjsjfyfaYrG2Mfh8FN4P_9amj\" \/>\n<meta property=\"article:modified_time\" content=\"2022-12-11T13:49:54+00:00\" \/>\n<meta property=\"og:image\" content=\"https:\/\/medicare321.de\/wp-content\/uploads\/2020\/01\/blase.png\" \/>\n<meta name=\"twitter:card\" content=\"summary_large_image\" \/>\n<meta name=\"twitter:label1\" content=\"Gesch\u00e4tzte Lesezeit\" \/>\n\t<meta name=\"twitter:data1\" content=\"3\u00a0Minuten\" \/>\n<script type=\"application\/ld+json\" class=\"yoast-schema-graph\">{\"@context\":\"https:\/\/schema.org\",\"@graph\":[{\"@type\":\"WebPage\",\"@id\":\"https:\/\/medicare321.de\/\",\"url\":\"https:\/\/medicare321.de\/\",\"name\":\"Mobiler Pflegedienst Medicare - Pflege, Betreuung &amp; Beratung\",\"isPartOf\":{\"@id\":\"https:\/\/medicare321.de\/#website\"},\"primaryImageOfPage\":{\"@id\":\"https:\/\/medicare321.de\/#primaryimage\"},\"image\":{\"@id\":\"https:\/\/medicare321.de\/#primaryimage\"},\"thumbnailUrl\":\"https:\/\/medicare321.de\/wp-content\/uploads\/2020\/01\/blase.png\",\"datePublished\":\"2014-09-22T08:35:53+00:00\",\"dateModified\":\"2022-12-11T13:49:54+00:00\",\"description\":\"Ziel unserer Pflege ist es Gesundheit zu f\u00f6rdern, Krankheit zu verh\u00fcten, Leiden zu lindern sowie die Selbstst\u00e4ndigkeit des Kunden zu erhalten bzw. wiederherzustellen.\",\"breadcrumb\":{\"@id\":\"https:\/\/medicare321.de\/#breadcrumb\"},\"inLanguage\":\"de\",\"potentialAction\":[{\"@type\":\"ReadAction\",\"target\":[\"https:\/\/medicare321.de\/\"]}]},{\"@type\":\"ImageObject\",\"inLanguage\":\"de\",\"@id\":\"https:\/\/medicare321.de\/#primaryimage\",\"url\":\"https:\/\/medicare321.de\/wp-content\/uploads\/2020\/01\/blase.png\",\"contentUrl\":\"https:\/\/medicare321.de\/wp-content\/uploads\/2020\/01\/blase.png\",\"width\":80,\"height\":80},{\"@type\":\"BreadcrumbList\",\"@id\":\"https:\/\/medicare321.de\/#breadcrumb\",\"itemListElement\":[{\"@type\":\"ListItem\",\"position\":1,\"name\":\"Startseite\",\"item\":\"https:\/\/medicare321.de\/\"},{\"@type\":\"ListItem\",\"position\":2,\"name\":\"Home\"}]},{\"@type\":\"WebSite\",\"@id\":\"https:\/\/medicare321.de\/#website\",\"url\":\"https:\/\/medicare321.de\/\",\"name\":\"Mobiler Pflegedienst Medicare\",\"description\":\"Pflege, Betreuung &amp; Beratung\",\"publisher\":{\"@id\":\"https:\/\/medicare321.de\/#organization\"},\"potentialAction\":[{\"@type\":\"SearchAction\",\"target\":{\"@type\":\"EntryPoint\",\"urlTemplate\":\"https:\/\/medicare321.de\/?s={search_term_string}\"},\"query-input\":{\"@type\":\"PropertyValueSpecification\",\"valueRequired\":true,\"valueName\":\"search_term_string\"}}],\"inLanguage\":\"de\"},{\"@type\":\"Organization\",\"@id\":\"https:\/\/medicare321.de\/#organization\",\"name\":\"Medicare Pflegedienst\",\"url\":\"https:\/\/medicare321.de\/\",\"logo\":{\"@type\":\"ImageObject\",\"inLanguage\":\"de\",\"@id\":\"https:\/\/medicare321.de\/#\/schema\/logo\/image\/\",\"url\":\"https:\/\/medicare321.de\/wp-content\/uploads\/2020\/01\/Logo_Medicare_2019_41.png\",\"contentUrl\":\"https:\/\/medicare321.de\/wp-content\/uploads\/2020\/01\/Logo_Medicare_2019_41.png\",\"width\":2135,\"height\":1062,\"caption\":\"Medicare Pflegedienst\"},\"image\":{\"@id\":\"https:\/\/medicare321.de\/#\/schema\/logo\/image\/\"},\"sameAs\":[\"https:\/\/www.facebook.com\/MedicarePflegedienst\/?__tn__=,d,P-R&amp;amp;amp;amp;amp;amp;amp;amp;amp;amp;eid=ARDSTbQ85EBHx_ALBzgS9jZhSO7b-Cksvs_eyYgO-1LcsFFLkj4QqfJVjsjfyfaYrG2Mfh8FN4P_9amj\",\"https:\/\/www.youtube.com\/watch?v=q5zbH_PyL2o\"]}]}<\/script>\n<!-- \/ Yoast SEO plugin. -->","yoast_head_json":{"title":"Mobiler Pflegedienst Medicare - Pflege, Betreuung &amp; Beratung","description":"Ziel unserer Pflege ist es Gesundheit zu f\u00f6rdern, Krankheit zu verh\u00fcten, Leiden zu lindern sowie die Selbstst\u00e4ndigkeit des Kunden zu erhalten bzw. wiederherzustellen.","robots":{"index":"index","follow":"follow","max-snippet":"max-snippet:-1","max-image-preview":"max-image-preview:large","max-video-preview":"max-video-preview:-1"},"canonical":"https:\/\/medicare321.de\/","og_locale":"de_DE","og_type":"article","og_title":"Mobiler Pflegedienst Medicare - Pflege, Betreuung &amp; Beratung","og_description":"Ziel unserer Pflege ist es Gesundheit zu f\u00f6rdern, Krankheit zu verh\u00fcten, Leiden zu lindern sowie die Selbstst\u00e4ndigkeit des Kunden zu erhalten bzw. wiederherzustellen.","og_url":"https:\/\/medicare321.de\/","og_site_name":"Mobiler Pflegedienst Medicare","article_publisher":"https:\/\/www.facebook.com\/MedicarePflegedienst\/?__tn__=%2cd%2cP-R&amp%3bamp%3bamp%3bamp%3bamp%3bamp%3bamp%3bamp%3bamp%3bamp%3beid=ARDSTbQ85EBHx_ALBzgS9jZhSO7b-Cksvs_eyYgO-1LcsFFLkj4QqfJVjsjfyfaYrG2Mfh8FN4P_9amj","article_modified_time":"2022-12-11T13:49:54+00:00","og_image":[{"url":"https:\/\/medicare321.de\/wp-content\/uploads\/2020\/01\/blase.png","type":"","width":"","height":""}],"twitter_card":"summary_large_image","twitter_misc":{"Gesch\u00e4tzte Lesezeit":"3\u00a0Minuten"},"schema":{"@context":"https:\/\/schema.org","@graph":[{"@type":"WebPage","@id":"https:\/\/medicare321.de\/","url":"https:\/\/medicare321.de\/","name":"Mobiler Pflegedienst Medicare - Pflege, Betreuung &amp; Beratung","isPartOf":{"@id":"https:\/\/medicare321.de\/#website"},"primaryImageOfPage":{"@id":"https:\/\/medicare321.de\/#primaryimage"},"image":{"@id":"https:\/\/medicare321.de\/#primaryimage"},"thumbnailUrl":"https:\/\/medicare321.de\/wp-content\/uploads\/2020\/01\/blase.png","datePublished":"2014-09-22T08:35:53+00:00","dateModified":"2022-12-11T13:49:54+00:00","description":"Ziel unserer Pflege ist es Gesundheit zu f\u00f6rdern, Krankheit zu verh\u00fcten, Leiden zu lindern sowie die Selbstst\u00e4ndigkeit des Kunden zu erhalten bzw. wiederherzustellen.","breadcrumb":{"@id":"https:\/\/medicare321.de\/#breadcrumb"},"inLanguage":"de","potentialAction":[{"@type":"ReadAction","target":["https:\/\/medicare321.de\/"]}]},{"@type":"ImageObject","inLanguage":"de","@id":"https:\/\/medicare321.de\/#primaryimage","url":"https:\/\/medicare321.de\/wp-content\/uploads\/2020\/01\/blase.png","contentUrl":"https:\/\/medicare321.de\/wp-content\/uploads\/2020\/01\/blase.png","width":80,"height":80},{"@type":"BreadcrumbList","@id":"https:\/\/medicare321.de\/#breadcrumb","itemListElement":[{"@type":"ListItem","position":1,"name":"Startseite","item":"https:\/\/medicare321.de\/"},{"@type":"ListItem","position":2,"name":"Home"}]},{"@type":"WebSite","@id":"https:\/\/medicare321.de\/#website","url":"https:\/\/medicare321.de\/","name":"Mobiler Pflegedienst Medicare","description":"Pflege, Betreuung &amp; Beratung","publisher":{"@id":"https:\/\/medicare321.de\/#organization"},"potentialAction":[{"@type":"SearchAction","target":{"@type":"EntryPoint","urlTemplate":"https:\/\/medicare321.de\/?s={search_term_string}"},"query-input":{"@type":"PropertyValueSpecification","valueRequired":true,"valueName":"search_term_string"}}],"inLanguage":"de"},{"@type":"Organization","@id":"https:\/\/medicare321.de\/#organization","name":"Medicare Pflegedienst","url":"https:\/\/medicare321.de\/","logo":{"@type":"ImageObject","inLanguage":"de","@id":"https:\/\/medicare321.de\/#\/schema\/logo\/image\/","url":"https:\/\/medicare321.de\/wp-content\/uploads\/2020\/01\/Logo_Medicare_2019_41.png","contentUrl":"https:\/\/medicare321.de\/wp-content\/uploads\/2020\/01\/Logo_Medicare_2019_41.png","width":2135,"height":1062,"caption":"Medicare Pflegedienst"},"image":{"@id":"https:\/\/medicare321.de\/#\/schema\/logo\/image\/"},"sameAs":["https:\/\/www.facebook.com\/MedicarePflegedienst\/?__tn__=,d,P-R&amp;amp;amp;amp;amp;amp;amp;amp;amp;amp;eid=ARDSTbQ85EBHx_ALBzgS9jZhSO7b-Cksvs_eyYgO-1LcsFFLkj4QqfJVjsjfyfaYrG2Mfh8FN4P_9amj","https:\/\/www.youtube.com\/watch?v=q5zbH_PyL2o"]}]}},"_links":{"self":[{"href":"https:\/\/medicare321.de\/index.php\/wp-json\/wp\/v2\/pages\/54","targetHints":{"allow":["GET"]}}],"collection":[{"href":"https:\/\/medicare321.de\/index.php\/wp-json\/wp\/v2\/pages"}],"about":[{"href":"https:\/\/medicare321.de\/index.php\/wp-json\/wp\/v2\/types\/page"}],"author":[{"embeddable":true,"href":"https:\/\/medicare321.de\/index.php\/wp-json\/wp\/v2\/users\/1"}],"replies":[{"embeddable":true,"href":"https:\/\/medicare321.de\/index.php\/wp-json\/wp\/v2\/comments?post=54"}],"version-history":[{"count":6,"href":"https:\/\/medicare321.de\/index.php\/wp-json\/wp\/v2\/pages\/54\/revisions"}],"predecessor-version":[{"id":281,"href":"https:\/\/medicare321.de\/index.php\/wp-json\/wp\/v2\/pages\/54\/revisions\/281"}],"wp:attachment":[{"href":"https:\/\/medicare321.de\/index.php\/wp-json\/wp\/v2\/media?parent=54"}],"curies":[{"name":"wp","href":"https:\/\/api.w.org\/{rel}","templated":true}]}}